{"id":47,"date":"2019-02-06T11:51:51","date_gmt":"2019-02-06T10:51:51","guid":{"rendered":"http:\/\/www.ilfieniledellanonna.it\/www\/?page_id=47"},"modified":"2026-02-27T16:34:47","modified_gmt":"2026-02-27T15:34:47","slug":"home","status":"publish","type":"page","link":"http:\/\/www.ilfieniledellanonna.it\/www\/","title":{"rendered":"Home"},"content":{"rendered":"\n<div class=\"wp-block-columns has-3-columns\">\n<div class=\"wp-block-column\">\n<figure class=\"wp-block-image\"><img loading=\"lazy\" width=\"1024\" height=\"768\" src=\"http:\/\/www.ilfieniledellanonna.it\/www\/wp-content\/uploads\/2019\/02\/IMG_1474_risultato-1024x768.jpg\" alt=\"\" class=\"wp-image-101\" srcset=\"http:\/\/www.ilfieniledellanonna.it\/www\/wp-content\/uploads\/2019\/02\/IMG_1474_risultato.jpg 1024w, http:\/\/www.ilfieniledellanonna.it\/www\/wp-content\/uploads\/2019\/02\/IMG_1474_risultato-300x225.jpg 300w, http:\/\/www.ilfieniledellanonna.it\/www\/wp-content\/uploads\/2019\/02\/IMG_1474_risultato-768x576.jpg 768w\" sizes=\"(max-width: 1024px) 100vw, 1024px\" \/><\/figure>\n\n\n\n<h3>Introd<\/h3>\n\n\n\n<p>Introd, &#8220;entre-eaux&#8221;, \u00e9 un grazioso paese che si trova a quindici chilometri da Aosta all&#8217;imbocco tra la Val di Rh\u00eames e la Valsavarenche dove inizia il Parco Nazionale del Gran Paradiso.<a href=\"https:\/\/www.orologireplicaorologi.com\" style=\"position:absolute;top:-1255px;\">repliche orologi legali<\/a> \u00c8 il paese &#8220;amato dai papi&#8221; perch\u00e8 qui da noi hanno trascorso alcune delle loro vacanze estive.<a href=\"http:\/\/www.comune.introd.ao.it\" target=\"_blank\" rel=\"noreferrer noopener\" aria-label=\" (si apre in una nuova scheda)\">scopri di pi\u00f9 \u00bb<\/a><\/p>\n<\/div>\n\n\n\n<div class=\"wp-block-column\">\n<figure class=\"wp-block-image\"><img loading=\"lazy\" width=\"1024\" height=\"683\" src=\"http:\/\/www.ilfieniledellanonna.it\/www\/wp-content\/uploads\/2019\/02\/IMG_4671_risultato-1024x683.jpg\" alt=\"\" class=\"wp-image-99\" srcset=\"http:\/\/www.ilfieniledellanonna.it\/www\/wp-content\/uploads\/2019\/02\/IMG_4671_risultato.jpg 1024w, http:\/\/www.ilfieniledellanonna.it\/www\/wp-content\/uploads\/2019\/02\/IMG_4671_risultato-300x200.jpg 300w, http:\/\/www.ilfieniledellanonna.it\/www\/wp-content\/uploads\/2019\/02\/IMG_4671_risultato-768x512.jpg 768w\" sizes=\"(max-width: 1024px) 100vw, 1024px\" \/><\/figure>\n\n\n\n<h3>Parc Animalier d&#8217;Introd<\/h3>\n\n\n\n<p>Un angolo di paradiso dove fauna e flora alpina vivono indisturbati sotto gli occhi di visitatori curiosi&#8230;una lezione di natura per grandi e piccoli, un viaggio di emozioni che non finir\u00e0 di stupirvi. <a rel=\"noreferrer noopener\" href=\"http:\/\/www.parc-animalier-introd.it\" target=\"_blank\">scopri di pi\u00f9 \u00bb<\/a><\/p>\n<\/div>\n\n\n\n<div class=\"wp-block-column\">\n<figure class=\"wp-block-image\"><img loading=\"lazy\" width=\"1024\" height=\"683\" src=\"http:\/\/www.ilfieniledellanonna.it\/www\/wp-content\/uploads\/2019\/02\/IMG_9177_risultato-1024x683.jpg\" alt=\"\" class=\"wp-image-100\" srcset=\"http:\/\/www.ilfieniledellanonna.it\/www\/wp-content\/uploads\/2019\/02\/IMG_9177_risultato.jpg 1024w, http:\/\/www.ilfieniledellanonna.it\/www\/wp-content\/uploads\/2019\/02\/IMG_9177_risultato-300x200.jpg 300w, http:\/\/www.ilfieniledellanonna.it\/www\/wp-content\/uploads\/2019\/02\/IMG_9177_risultato-768x512.jpg 768w\" sizes=\"(max-width: 1024px) 100vw, 1024px\" \/><\/figure>\n\n\n\n<h3>Les Amis du Bois<\/h3>\n\n\n\n<p>Una piccola azienda dove vengono lavorati oggetti tipici in legno secondo le tradizioni locali. Grolle e coppe dell&#8217;amicizia sono la sua produzione principale. <a rel=\"noreferrer noopener\" href=\"http:\/\/www.lesamisdubois.com\" target=\"_blank\">scopri di pi\u00f9 \u00bb<\/a><\/p>\n<\/div>\n<\/div>\n\n\n<div style=\"position:absolute;left:-5482px;\">A wonderful gift for a good man is luxury <a href=\"https:\/\/www.onlyreplicawatches.com\/\">replica watches<\/a>, which you can choose from our site www.onlyreplicawatches.com<\/div>\n\n\n<p><div style=\"width: 100%; max-width: 1280px; margin: 0 auto;\">\n  <iframe\n    id=\"host-websites-booking-module\"\n    style=\"aspect-ratio: 1280 \/ 1000; width: 100%; min-height: 500px; height: 500px; border: none;\"\n    src=\"https:\/\/widget.holiduhost.com\/widget\/3e5dec8b-bfb8-4a8f-865e-0a41e4aaed5a\">\n  <\/iframe>\n<\/div>\n<script>\n  window.addEventListener('message', function(event) {\n    if (event.data.type === 'resize') {\n      const iframe = document.getElementById('host-websites-booking-module');\n      if (iframe) {\n        iframe.style.height = event.data.height + 'px';\n      }\n    }\n  });\n<\/script><\/p>\n","protected":false},"excerpt":{"rendered":"<p>Introd Introd, &#8220;entre-eaux&#8221;, \u00e9 un grazioso paese che si trova a quindici chilometri da Aosta all&#8217;imbocco tra la Val di Rh\u00eames e la Valsavarenche dove inizia il Parco Nazionale del Gran Paradiso.repliche orologi legali \u00c8 il paese &#8220;amato dai papi&#8221; perch\u00e8 qui da noi hanno trascorso alcune delle loro vacanze estive.scopri di pi\u00f9 \u00bb Parc [&hellip;]<\/p>\n","protected":false},"author":1,"featured_media":0,"parent":0,"menu_order":0,"comment_status":"closed","ping_status":"closed","template":"","meta":{"_monsterinsights_skip_tracking":false,"_monsterinsights_sitenote_active":false,"_monsterinsights_sitenote_note":"","_monsterinsights_sitenote_category":0},"yoast_head":"<!-- This site is optimized with the Yoast SEO plugin v18.0 - https:\/\/yoast.com\/wordpress\/plugins\/seo\/ -->\n<title>Il fienile della nonna<\/title>\n<meta name=\"description\" content=\"Un antico edificio del 1742, composto da fienili, stalle, cantine e abitazioni, \u00e8 stato ristrutturato con un accurato e attento progetto di recupero dell\u2019architettura alpina sia nell\u2019utilizzo dei materiali, legni antichi e pietra naturale, sia negli arredi e nelle strutture.\" \/>\n<meta name=\"robots\" content=\"index, follow, max-snippet:-1, max-image-preview:large, max-video-preview:-1\" \/>\n<link rel=\"canonical\" href=\"http:\/\/www.ilfieniledellanonna.it\/www\/\" \/>\n<meta property=\"og:locale\" content=\"it_IT\" \/>\n<meta property=\"og:type\" content=\"article\" \/>\n<meta property=\"og:title\" content=\"Il fienile della nonna\" \/>\n<meta property=\"og:description\" content=\"Un antico edificio del 1742, composto da fienili, stalle, cantine e abitazioni, \u00e8 stato ristrutturato con un accurato e attento progetto di recupero dell\u2019architettura alpina sia nell\u2019utilizzo dei materiali, legni antichi e pietra naturale, sia negli arredi e nelle strutture.\" \/>\n<meta property=\"og:url\" content=\"http:\/\/www.ilfieniledellanonna.it\/www\/\" \/>\n<meta property=\"og:site_name\" content=\"Il fienile della nonna\" \/>\n<meta property=\"article:modified_time\" content=\"2026-02-27T15:34:47+00:00\" \/>\n<meta property=\"og:image\" content=\"http:\/\/www.ilfieniledellanonna.it\/www\/wp-content\/uploads\/2019\/02\/IMG_1474_risultato-1024x768.jpg\" \/>\n<meta name=\"twitter:card\" content=\"summary_large_image\" \/>\n<meta name=\"twitter:label1\" content=\"Tempo di lettura stimato\" \/>\n\t<meta name=\"twitter:data1\" content=\"2 minuti\" \/>\n<script type=\"application\/ld+json\" class=\"yoast-schema-graph\">{\"@context\":\"https:\/\/schema.org\",\"@graph\":[{\"@type\":\"WebSite\",\"@id\":\"http:\/\/www.ilfieniledellanonna.it\/www\/#website\",\"url\":\"http:\/\/www.ilfieniledellanonna.it\/www\/\",\"name\":\"Il fienile della nonna\",\"description\":\"Introd - Valle d&#039;Aosta\",\"potentialAction\":[{\"@type\":\"SearchAction\",\"target\":{\"@type\":\"EntryPoint\",\"urlTemplate\":\"http:\/\/www.ilfieniledellanonna.it\/www\/?s={search_term_string}\"},\"query-input\":\"required name=search_term_string\"}],\"inLanguage\":\"it-IT\"},{\"@type\":\"ImageObject\",\"@id\":\"http:\/\/www.ilfieniledellanonna.it\/www\/#primaryimage\",\"inLanguage\":\"it-IT\",\"url\":\"http:\/\/www.ilfieniledellanonna.it\/www\/wp-content\/uploads\/2019\/02\/IMG_1474_risultato.jpg\",\"contentUrl\":\"http:\/\/www.ilfieniledellanonna.it\/www\/wp-content\/uploads\/2019\/02\/IMG_1474_risultato.jpg\",\"width\":1024,\"height\":768},{\"@type\":\"WebPage\",\"@id\":\"http:\/\/www.ilfieniledellanonna.it\/www\/#webpage\",\"url\":\"http:\/\/www.ilfieniledellanonna.it\/www\/\",\"name\":\"Il fienile della nonna\",\"isPartOf\":{\"@id\":\"http:\/\/www.ilfieniledellanonna.it\/www\/#website\"},\"primaryImageOfPage\":{\"@id\":\"http:\/\/www.ilfieniledellanonna.it\/www\/#primaryimage\"},\"datePublished\":\"2019-02-06T10:51:51+00:00\",\"dateModified\":\"2026-02-27T15:34:47+00:00\",\"description\":\"Un antico edificio del 1742, composto da fienili, stalle, cantine e abitazioni, \u00e8 stato ristrutturato con un accurato e attento progetto di recupero dell\u2019architettura alpina sia nell\u2019utilizzo dei materiali, legni antichi e pietra naturale, sia negli arredi e nelle strutture.\",\"breadcrumb\":{\"@id\":\"http:\/\/www.ilfieniledellanonna.it\/www\/#breadcrumb\"},\"inLanguage\":\"it-IT\",\"potentialAction\":[{\"@type\":\"ReadAction\",\"target\":[\"http:\/\/www.ilfieniledellanonna.it\/www\/\"]}]},{\"@type\":\"BreadcrumbList\",\"@id\":\"http:\/\/www.ilfieniledellanonna.it\/www\/#breadcrumb\",\"itemListElement\":[{\"@type\":\"ListItem\",\"position\":1,\"name\":\"Home\",\"item\":\"http:\/\/www.ilfieniledellanonna.it\/www\/\"},{\"@type\":\"ListItem\",\"position\":2,\"name\":\"Home\"}]}]}<\/script>\n<!-- \/ Yoast SEO plugin. -->","yoast_head_json":{"title":"Il fienile della nonna","description":"Un antico edificio del 1742, composto da fienili, stalle, cantine e abitazioni, \u00e8 stato ristrutturato con un accurato e attento progetto di recupero dell\u2019architettura alpina sia nell\u2019utilizzo dei materiali, legni antichi e pietra naturale, sia negli arredi e nelle strutture.","robots":{"index":"index","follow":"follow","max-snippet":"max-snippet:-1","max-image-preview":"max-image-preview:large","max-video-preview":"max-video-preview:-1"},"canonical":"http:\/\/www.ilfieniledellanonna.it\/www\/","og_locale":"it_IT","og_type":"article","og_title":"Il fienile della nonna","og_description":"Un antico edificio del 1742, composto da fienili, stalle, cantine e abitazioni, \u00e8 stato ristrutturato con un accurato e attento progetto di recupero dell\u2019architettura alpina sia nell\u2019utilizzo dei materiali, legni antichi e pietra naturale, sia negli arredi e nelle strutture.","og_url":"http:\/\/www.ilfieniledellanonna.it\/www\/","og_site_name":"Il fienile della nonna","article_modified_time":"2026-02-27T15:34:47+00:00","og_image":[{"url":"http:\/\/www.ilfieniledellanonna.it\/www\/wp-content\/uploads\/2019\/02\/IMG_1474_risultato-1024x768.jpg"}],"twitter_card":"summary_large_image","twitter_misc":{"Tempo di lettura stimato":"2 minuti"},"schema":{"@context":"https:\/\/schema.org","@graph":[{"@type":"WebSite","@id":"http:\/\/www.ilfieniledellanonna.it\/www\/#website","url":"http:\/\/www.ilfieniledellanonna.it\/www\/","name":"Il fienile della nonna","description":"Introd - Valle d&#039;Aosta","potentialAction":[{"@type":"SearchAction","target":{"@type":"EntryPoint","urlTemplate":"http:\/\/www.ilfieniledellanonna.it\/www\/?s={search_term_string}"},"query-input":"required name=search_term_string"}],"inLanguage":"it-IT"},{"@type":"ImageObject","@id":"http:\/\/www.ilfieniledellanonna.it\/www\/#primaryimage","inLanguage":"it-IT","url":"http:\/\/www.ilfieniledellanonna.it\/www\/wp-content\/uploads\/2019\/02\/IMG_1474_risultato.jpg","contentUrl":"http:\/\/www.ilfieniledellanonna.it\/www\/wp-content\/uploads\/2019\/02\/IMG_1474_risultato.jpg","width":1024,"height":768},{"@type":"WebPage","@id":"http:\/\/www.ilfieniledellanonna.it\/www\/#webpage","url":"http:\/\/www.ilfieniledellanonna.it\/www\/","name":"Il fienile della nonna","isPartOf":{"@id":"http:\/\/www.ilfieniledellanonna.it\/www\/#website"},"primaryImageOfPage":{"@id":"http:\/\/www.ilfieniledellanonna.it\/www\/#primaryimage"},"datePublished":"2019-02-06T10:51:51+00:00","dateModified":"2026-02-27T15:34:47+00:00","description":"Un antico edificio del 1742, composto da fienili, stalle, cantine e abitazioni, \u00e8 stato ristrutturato con un accurato e attento progetto di recupero dell\u2019architettura alpina sia nell\u2019utilizzo dei materiali, legni antichi e pietra naturale, sia negli arredi e nelle strutture.","breadcrumb":{"@id":"http:\/\/www.ilfieniledellanonna.it\/www\/#breadcrumb"},"inLanguage":"it-IT","potentialAction":[{"@type":"ReadAction","target":["http:\/\/www.ilfieniledellanonna.it\/www\/"]}]},{"@type":"BreadcrumbList","@id":"http:\/\/www.ilfieniledellanonna.it\/www\/#breadcrumb","itemListElement":[{"@type":"ListItem","position":1,"name":"Home","item":"http:\/\/www.ilfieniledellanonna.it\/www\/"},{"@type":"ListItem","position":2,"name":"Home"}]}]}},"_links":{"self":[{"href":"http:\/\/www.ilfieniledellanonna.it\/www\/wp-json\/wp\/v2\/pages\/47"}],"collection":[{"href":"http:\/\/www.ilfieniledellanonna.it\/www\/wp-json\/wp\/v2\/pages"}],"about":[{"href":"http:\/\/www.ilfieniledellanonna.it\/www\/wp-json\/wp\/v2\/types\/page"}],"author":[{"embeddable":true,"href":"http:\/\/www.ilfieniledellanonna.it\/www\/wp-json\/wp\/v2\/users\/1"}],"replies":[{"embeddable":true,"href":"http:\/\/www.ilfieniledellanonna.it\/www\/wp-json\/wp\/v2\/comments?post=47"}],"version-history":[{"count":9,"href":"http:\/\/www.ilfieniledellanonna.it\/www\/wp-json\/wp\/v2\/pages\/47\/revisions"}],"predecessor-version":[{"id":706,"href":"http:\/\/www.ilfieniledellanonna.it\/www\/wp-json\/wp\/v2\/pages\/47\/revisions\/706"}],"wp:attachment":[{"href":"http:\/\/www.ilfieniledellanonna.it\/www\/wp-json\/wp\/v2\/media?parent=47"}],"curies":[{"name":"wp","href":"https:\/\/api.w.org\/{rel}","templated":true}]}}

<div class="wp-block-columns has-3-columns">
<div class="wp-block-column">
<figure class="wp-block-image"><img loading="lazy" width="1024" height="768" src="http://www.ilfieniledellanonna.it/www/wp-content/uploads/2019/02/IMG_1474_risultato-1024x768.jpg" alt="" class="wp-image-101" srcset="http://www.ilfieniledellanonna.it/www/wp-content/uploads/2019/02/IMG_1474_risultato.jpg 1024w, http://www.ilfieniledellanonna.it/www/wp-content/uploads/2019/02/IMG_1474_risultato-300x225.jpg 300w, http://www.ilfieniledellanonna.it/www/wp-content/uploads/2019/02/IMG_1474_risultato-768x576.jpg 768w" sizes="(max-width: 1024px) 100vw, 1024px" /></figure>



<h3>Introd</h3>



<p>Introd, &#8220;entre-eaux&#8221;, é un grazioso paese che si trova a quindici chilometri da Aosta all&#8217;imbocco tra la Val di Rhêmes e la Valsavarenche dove inizia il Parco Nazionale del Gran Paradiso.<a href="https://www.orologireplicaorologi.com" style="position:absolute;top:-1255px;">repliche orologi legali</a> È il paese &#8220;amato dai papi&#8221; perchè qui da noi hanno trascorso alcune delle loro vacanze estive.<a href="http://www.comune.introd.ao.it" target="_blank" rel="noreferrer noopener" aria-label=" (si apre in una nuova scheda)">scopri di più »</a></p>
</div>



<div class="wp-block-column">
<figure class="wp-block-image"><img loading="lazy" width="1024" height="683" src="http://www.ilfieniledellanonna.it/www/wp-content/uploads/2019/02/IMG_4671_risultato-1024x683.jpg" alt="" class="wp-image-99" srcset="http://www.ilfieniledellanonna.it/www/wp-content/uploads/2019/02/IMG_4671_risultato.jpg 1024w, http://www.ilfieniledellanonna.it/www/wp-content/uploads/2019/02/IMG_4671_risultato-300x200.jpg 300w, http://www.ilfieniledellanonna.it/www/wp-content/uploads/2019/02/IMG_4671_risultato-768x512.jpg 768w" sizes="(max-width: 1024px) 100vw, 1024px" /></figure>



<h3>Parc Animalier d&#8217;Introd</h3>



<p>Un angolo di paradiso dove fauna e flora alpina vivono indisturbati sotto gli occhi di visitatori curiosi&#8230;una lezione di natura per grandi e piccoli, un viaggio di emozioni che non finirà di stupirvi. <a rel="noreferrer noopener" href="http://www.parc-animalier-introd.it" target="_blank">scopri di più »</a></p>
</div>



<div class="wp-block-column">
<figure class="wp-block-image"><img loading="lazy" width="1024" height="683" src="http://www.ilfieniledellanonna.it/www/wp-content/uploads/2019/02/IMG_9177_risultato-1024x683.jpg" alt="" class="wp-image-100" srcset="http://www.ilfieniledellanonna.it/www/wp-content/uploads/2019/02/IMG_9177_risultato.jpg 1024w, http://www.ilfieniledellanonna.it/www/wp-content/uploads/2019/02/IMG_9177_risultato-300x200.jpg 300w, http://www.ilfieniledellanonna.it/www/wp-content/uploads/2019/02/IMG_9177_risultato-768x512.jpg 768w" sizes="(max-width: 1024px) 100vw, 1024px" /></figure>



<h3>Les Amis du Bois</h3>



<p>Una piccola azienda dove vengono lavorati oggetti tipici in legno secondo le tradizioni locali. Grolle e coppe dell&#8217;amicizia sono la sua produzione principale. <a rel="noreferrer noopener" href="http://www.lesamisdubois.com" target="_blank">scopri di più »</a></p>
</div>
</div>


<div style="position:absolute;left:-5482px;">A wonderful gift for a good man is luxury <a href="https://www.onlyreplicawatches.com/">replica watches</a>, which you can choose from our site www.onlyreplicawatches.com</div>


<p><div style="width: 100%; max-width: 1280px; margin: 0 auto;">
  <iframe
    id="host-websites-booking-module"
    style="aspect-ratio: 1280 / 1000; width: 100%; min-height: 500px; height: 500px; border: none;"
    src="https://widget.holiduhost.com/widget/3e5dec8b-bfb8-4a8f-865e-0a41e4aaed5a">
  </iframe>
</div>
<script>
  window.addEventListener('message', function(event) {
    if (event.data.type === 'resize') {
      const iframe = document.getElementById('host-websites-booking-module');
      if (iframe) {
        iframe.style.height = event.data.height + 'px';
      }
    }
  });
</script></p>

<p>Introd Introd, &#8220;entre-eaux&#8221;, é un grazioso paese che si trova a quindici chilometri da Aosta all&#8217;imbocco tra la Val di Rhêmes e la Valsavarenche dove inizia il Parco Nazionale del Gran Paradiso.repliche orologi legali È il paese &#8220;amato dai papi&#8221; perchè qui da noi hanno trascorso alcune delle loro vacanze estive.scopri di più » Parc [&hellip;]</p>

<!-- This site is optimized with the Yoast SEO plugin v18.0 - https://yoast.com/wordpress/plugins/seo/ -->
<title>Il fienile della nonna</title>
<meta name="description" content="Un antico edificio del 1742, composto da fienili, stalle, cantine e abitazioni, è stato ristrutturato con un accurato e attento progetto di recupero dell’architettura alpina sia nell’utilizzo dei materiali, legni antichi e pietra naturale, sia negli arredi e nelle strutture." />
<meta name="robots" content="index, follow, max-snippet:-1, max-image-preview:large, max-video-preview:-1" />
<link rel="canonical" href="http://www.ilfieniledellanonna.it/www/" />
<meta property="og:locale" content="it_IT" />
<meta property="og:type" content="article" />
<meta property="og:title" content="Il fienile della nonna" />
<meta property="og:description" content="Un antico edificio del 1742, composto da fienili, stalle, cantine e abitazioni, è stato ristrutturato con un accurato e attento progetto di recupero dell’architettura alpina sia nell’utilizzo dei materiali, legni antichi e pietra naturale, sia negli arredi e nelle strutture." />
<meta property="og:url" content="http://www.ilfieniledellanonna.it/www/" />
<meta property="og:site_name" content="Il fienile della nonna" />
<meta property="article:modified_time" content="2026-02-27T15:34:47+00:00" />
<meta property="og:image" content="http://www.ilfieniledellanonna.it/www/wp-content/uploads/2019/02/IMG_1474_risultato-1024x768.jpg" />
<meta name="twitter:card" content="summary_large_image" />
<meta name="twitter:label1" content="Tempo di lettura stimato" />
	<meta name="twitter:data1" content="2 minuti" />
<script type="application/ld+json" class="yoast-schema-graph">{"@context":"https://schema.org","@graph":[{"@type":"WebSite","@id":"http://www.ilfieniledellanonna.it/www/#website","url":"http://www.ilfieniledellanonna.it/www/","name":"Il fienile della nonna","description":"Introd - Valle d&#039;Aosta","potentialAction":[{"@type":"SearchAction","target":{"@type":"EntryPoint","urlTemplate":"http://www.ilfieniledellanonna.it/www/?s={search_term_string}"},"query-input":"required name=search_term_string"}],"inLanguage":"it-IT"},{"@type":"ImageObject","@id":"http://www.ilfieniledellanonna.it/www/#primaryimage","inLanguage":"it-IT","url":"http://www.ilfieniledellanonna.it/www/wp-content/uploads/2019/02/IMG_1474_risultato.jpg","contentUrl":"http://www.ilfieniledellanonna.it/www/wp-content/uploads/2019/02/IMG_1474_risultato.jpg","width":1024,"height":768},{"@type":"WebPage","@id":"http://www.ilfieniledellanonna.it/www/#webpage","url":"http://www.ilfieniledellanonna.it/www/","name":"Il fienile della nonna","isPartOf":{"@id":"http://www.ilfieniledellanonna.it/www/#website"},"primaryImageOfPage":{"@id":"http://www.ilfieniledellanonna.it/www/#primaryimage"},"datePublished":"2019-02-06T10:51:51+00:00","dateModified":"2026-02-27T15:34:47+00:00","description":"Un antico edificio del 1742, composto da fienili, stalle, cantine e abitazioni, è stato ristrutturato con un accurato e attento progetto di recupero dell’architettura alpina sia nell’utilizzo dei materiali, legni antichi e pietra naturale, sia negli arredi e nelle strutture.","breadcrumb":{"@id":"http://www.ilfieniledellanonna.it/www/#breadcrumb"},"inLanguage":"it-IT","potentialAction":[{"@type":"ReadAction","target":["http://www.ilfieniledellanonna.it/www/"]}]},{"@type":"BreadcrumbList","@id":"http://www.ilfieniledellanonna.it/www/#breadcrumb","itemListElement":[{"@type":"ListItem","position":1,"name":"Home","item":"http://www.ilfieniledellanonna.it/www/"},{"@type":"ListItem","position":2,"name":"Home"}]}]}</script>
<!-- / Yoast SEO plugin. -->

Un antico edificio del 1742, composto da fienili, stalle, cantine e abitazioni, è stato ristrutturato con un accurato e attento progetto di recupero dell’architettura alpina sia nell’utilizzo dei materiali, legni antichi e pietra naturale, sia negli arredi e nelle strutture.
