{"id":444,"date":"2019-02-07T21:44:06","date_gmt":"2019-02-07T20:44:06","guid":{"rendered":"http:\/\/www.ilfieniledellanonna.it\/www\/?page_id=444"},"modified":"2019-02-07T21:59:21","modified_gmt":"2019-02-07T20:59:21","slug":"reservation-5-jour","status":"publish","type":"page","link":"http:\/\/www.ilfieniledellanonna.it\/www\/fr\/reservation-5-jour\/","title":{"rendered":"R\u00e9servation 5 jour"},"content":{"rendered":"\n<div class=\"wp-block-columns has-2-columns\">\n<div class=\"wp-block-column\">\n<ul><li><a href=\"http:\/\/www.ilfieniledellanonna.it\/www\/reservations\/\">Prix par jour<\/a><\/li><li><em><a href=\"http:\/\/www.ilfieniledellanonna.it\/www\/reservation-2-jour\/\">Prix&nbsp;pour&nbsp;2&nbsp;jours<\/a><\/em><\/li><li><em><a href=\"http:\/\/www.ilfieniledellanonna.it\/www\/reservation-3-jour\/\">Prix&nbsp;pour&nbsp;3&nbsp;jours<\/a><\/em><\/li><li><em><a href=\"http:\/\/www.ilfieniledellanonna.it\/www\/reservation-4-jour\/\">Prix&nbsp;pour&nbsp;4&nbsp;jours<\/a><\/em><\/li><li><em><a href=\"http:\/\/www.ilfieniledellanonna.it\/www\/reservation-5-jour\/\">Prix&nbsp;pour&nbsp;5&nbsp;jours<\/a><\/em><\/li><li><em><a href=\"http:\/\/www.ilfieniledellanonna.it\/www\/reservation-6-jour\/\">Prix&nbsp;pour&nbsp;6&nbsp;jours<\/a><\/em><\/li><li><em><a href=\"http:\/\/www.ilfieniledellanonna.it\/www\/reservation-7-jour\/\">Prix&nbsp;pour&nbsp;7&nbsp;jours<\/a><\/em><\/li><li><em><a href=\"http:\/\/www.ilfieniledellanonna.it\/www\/reservation-jour-supplementaire\/\">Prix&nbsp;chaque&nbsp;jour&nbsp;suppl\u00e9mentaire<\/a><\/em><\/li><\/ul>\n\n\n<div id=\"footable_parent_453\"\n     class=\"footable_parent ninja_table_wrapper loading_ninja_table wp_table_data_press_parent bootstrap4 \">\n                <table data-ninja_table_instance=\"ninja_table_instance_0\" data-footable_id=\"453\" data-filter-delay=\"1000\" aria-label=\"P\u00e9riode\"            id=\"footable_453\"\n           data-unique_identifier=\"ninja_table_unique_id_815563846_453\"\n           class=\" foo-table ninja_footable foo_table_453 ninja_table_unique_id_815563846_453 table  nt_type_ajax_table table-striped table-bordered table-hover table-sm vertical_centered  footable-paging-right ninja_table_search_disabled\">\n                <colgroup>\n                            <col class=\"ninja_column_0 \">\n                            <col class=\"ninja_column_1 \">\n                    <\/colgroup>\n            <\/table>\n    <style id=\"ninja_table_custom_css_453\" type=\"text\/css\">\n    #footable_453  {\n        font-family: inherit;\n        font-size: 14px;\n    }\n\n\n<\/style>\n\n    \n    \n<\/div>\n\n<\/div>\n\n\n\n<div class=\"wp-block-column\"><div id=\"footable_parent_292\"\n     class=\"footable_parent ninja_table_wrapper loading_ninja_table wp_table_data_press_parent bootstrap4 \">\n                <table data-ninja_table_instance=\"ninja_table_instance_1\" data-footable_id=\"292\" data-filter-delay=\"1000\" aria-label=\"Prezzi al giorno( Duplicate )( Duplicate )( Duplicate )( Duplicate )\"            id=\"footable_292\"\n           data-unique_identifier=\"ninja_table_unique_id_671293249_292\"\n           class=\" foo-table ninja_footable foo_table_292 ninja_table_unique_id_671293249_292 table  nt_type_ajax_table table-striped table-bordered table-hover table-sm vertical_centered  footable-paging-right ninja_table_search_disabled\">\n                <colgroup>\n                            <col class=\"ninja_column_0 \">\n                            <col class=\"ninja_column_1 \">\n                            <col class=\"ninja_column_2 \">\n                    <\/colgroup>\n            <\/table>\n    <style id=\"ninja_table_custom_css_453\" type=\"text\/css\">\n    #footable_453  {\n        font-family: inherit;\n        font-size: 14px;\n    }\n\n\n<\/style>\n<style id=\"ninja_table_custom_css_292\" type=\"text\/css\">\n    #footable_292  {\n        font-family: inherit;\n        font-size: 14px;\n    }\n\n\n<\/style>\n\n    \n    \n<\/div>\n\n<\/div>\n<\/div>\n\n\n\n<p>Les prix ne comprennent pas les imp\u00f4ts locaux + 0,80 \u20ac par personne par nuit<br>Les prix sont compr\u00e9hensifs de: lumi\u00e8re, chauffage, eau chaude et&nbsp;<br>change hebdomadaire du linge.<br>D\u00e9p\u00f4t de 30% sur BCCV IT 39 J 08587 31750 000060102935&nbsp;<br><\/p>\n\n\n\n<p><strong>R\u00e9ductions&nbsp;<\/strong>:&nbsp;<br>S\u00e9jour de 2 semaines: 10%<br>S\u00e9jour de 3 semaines: 15%<br>S\u00e9jour de 4 semaines: 20%<\/p>\n\n\n\n<p>Arriv\u00e9e apr\u00e8s 4 h, d\u00e9part avant 11 h<br>Paiement: 30% \u00e0 la r\u00e9servation, solde \u00e0 l&#8217;arriv\u00e9e<\/p>\n\n\n\n<hr class=\"wp-block-separator is-style-wide\"\/>\n\n\n\n<div class=\"wp-block-columns has-2-columns\">\n<div class=\"wp-block-column\">\n<h4>La Grange de Grand-m\u00e8re<\/h4>\n\n\n\n<p>loc. Les Villes Dessus, 78<br>11010 Introd (AO)&nbsp;<\/p>\n\n\n\n<p>Brunet Corrado<br>loc. Les Villes Dessus 7<br>11010 Introd AO<br>P.IVA 01169340070<\/p>\n<\/div>\n\n\n\n<div class=\"wp-block-column\">\n<h4>Informations et r\u00e9servations<\/h4>\n\n\n\n<p>Pour informations et r\u00e9servations, vous pouvez t\u00e9l\u00e9phoner aux num\u00e9ros suivants:<br>+39 348 5827682<br>+39 0165 94110&nbsp;<br>ou \u00e9crire une mail&nbsp;\u00e0&nbsp;<a href=\"mailto:info@ilfieniledellanonna.it\">info@ilfieniledellanonna.it<\/a><\/p>\n\n\n\n<p><\/p>\n<\/div>\n<\/div>\n","protected":false},"excerpt":{"rendered":"<p>Prix par jour Prix&nbsp;pour&nbsp;2&nbsp;jours Prix&nbsp;pour&nbsp;3&nbsp;jours Prix&nbsp;pour&nbsp;4&nbsp;jours Prix&nbsp;pour&nbsp;5&nbsp;jours Prix&nbsp;pour&nbsp;6&nbsp;jours Prix&nbsp;pour&nbsp;7&nbsp;jours Prix&nbsp;chaque&nbsp;jour&nbsp;suppl\u00e9mentaire Les prix ne comprennent pas les imp\u00f4ts locaux + 0,80 \u20ac par personne par nuitLes prix sont compr\u00e9hensifs de: lumi\u00e8re, chauffage, eau chaude et&nbsp;change hebdomadaire du linge.D\u00e9p\u00f4t de 30% sur BCCV IT 39 J 08587 31750 000060102935&nbsp; R\u00e9ductions&nbsp;:&nbsp;S\u00e9jour de 2 semaines: 10%S\u00e9jour de 3 semaines: [&hellip;]<\/p>\n","protected":false},"author":1,"featured_media":0,"parent":0,"menu_order":0,"comment_status":"closed","ping_status":"closed","template":"","meta":{"_monsterinsights_skip_tracking":false,"_monsterinsights_sitenote_active":false,"_monsterinsights_sitenote_note":"","_monsterinsights_sitenote_category":0},"yoast_head":"<!-- This site is optimized with the Yoast SEO plugin v18.0 - https:\/\/yoast.com\/wordpress\/plugins\/seo\/ -->\n<title>R\u00e9servation 5 jour - Il fienile della nonna<\/title>\n<meta name=\"robots\" content=\"index, follow, max-snippet:-1, max-image-preview:large, max-video-preview:-1\" \/>\n<link rel=\"canonical\" href=\"http:\/\/www.ilfieniledellanonna.it\/www\/fr\/reservation-5-jour\/\" \/>\n<meta property=\"og:locale\" content=\"it_IT\" \/>\n<meta property=\"og:type\" content=\"article\" \/>\n<meta property=\"og:title\" content=\"R\u00e9servation 5 jour - Il fienile della nonna\" \/>\n<meta property=\"og:description\" content=\"Prix par jour Prix&nbsp;pour&nbsp;2&nbsp;jours Prix&nbsp;pour&nbsp;3&nbsp;jours Prix&nbsp;pour&nbsp;4&nbsp;jours Prix&nbsp;pour&nbsp;5&nbsp;jours Prix&nbsp;pour&nbsp;6&nbsp;jours Prix&nbsp;pour&nbsp;7&nbsp;jours Prix&nbsp;chaque&nbsp;jour&nbsp;suppl\u00e9mentaire Les prix ne comprennent pas les imp\u00f4ts locaux + 0,80 \u20ac par personne par nuitLes prix sont compr\u00e9hensifs de: lumi\u00e8re, chauffage, eau chaude et&nbsp;change hebdomadaire du linge.D\u00e9p\u00f4t de 30% sur BCCV IT 39 J 08587 31750 000060102935&nbsp; R\u00e9ductions&nbsp;:&nbsp;S\u00e9jour de 2 semaines: 10%S\u00e9jour de 3 semaines: [&hellip;]\" \/>\n<meta property=\"og:url\" content=\"http:\/\/www.ilfieniledellanonna.it\/www\/fr\/reservation-5-jour\/\" \/>\n<meta property=\"og:site_name\" content=\"Il fienile della nonna\" \/>\n<meta property=\"article:modified_time\" content=\"2019-02-07T20:59:21+00:00\" \/>\n<meta name=\"twitter:card\" content=\"summary_large_image\" \/>\n<meta name=\"twitter:label1\" content=\"Tempo di lettura stimato\" \/>\n\t<meta name=\"twitter:data1\" content=\"1 minuto\" \/>\n<script type=\"application\/ld+json\" class=\"yoast-schema-graph\">{\"@context\":\"https:\/\/schema.org\",\"@graph\":[{\"@type\":\"WebSite\",\"@id\":\"http:\/\/www.ilfieniledellanonna.it\/www\/#website\",\"url\":\"http:\/\/www.ilfieniledellanonna.it\/www\/\",\"name\":\"Il fienile della nonna\",\"description\":\"Introd - Valle d&#039;Aosta\",\"potentialAction\":[{\"@type\":\"SearchAction\",\"target\":{\"@type\":\"EntryPoint\",\"urlTemplate\":\"http:\/\/www.ilfieniledellanonna.it\/www\/?s={search_term_string}\"},\"query-input\":\"required name=search_term_string\"}],\"inLanguage\":\"it-IT\"},{\"@type\":\"WebPage\",\"@id\":\"http:\/\/www.ilfieniledellanonna.it\/www\/fr\/reservation-5-jour\/#webpage\",\"url\":\"http:\/\/www.ilfieniledellanonna.it\/www\/fr\/reservation-5-jour\/\",\"name\":\"R\u00e9servation 5 jour - Il fienile della nonna\",\"isPartOf\":{\"@id\":\"http:\/\/www.ilfieniledellanonna.it\/www\/#website\"},\"datePublished\":\"2019-02-07T20:44:06+00:00\",\"dateModified\":\"2019-02-07T20:59:21+00:00\",\"breadcrumb\":{\"@id\":\"http:\/\/www.ilfieniledellanonna.it\/www\/fr\/reservation-5-jour\/#breadcrumb\"},\"inLanguage\":\"it-IT\",\"potentialAction\":[{\"@type\":\"ReadAction\",\"target\":[\"http:\/\/www.ilfieniledellanonna.it\/www\/fr\/reservation-5-jour\/\"]}]},{\"@type\":\"BreadcrumbList\",\"@id\":\"http:\/\/www.ilfieniledellanonna.it\/www\/fr\/reservation-5-jour\/#breadcrumb\",\"itemListElement\":[{\"@type\":\"ListItem\",\"position\":1,\"name\":\"Home\",\"item\":\"http:\/\/www.ilfieniledellanonna.it\/www\/\"},{\"@type\":\"ListItem\",\"position\":2,\"name\":\"R\u00e9servation 5 jour\"}]}]}<\/script>\n<!-- \/ Yoast SEO plugin. -->","yoast_head_json":{"title":"R\u00e9servation 5 jour - Il fienile della nonna","robots":{"index":"index","follow":"follow","max-snippet":"max-snippet:-1","max-image-preview":"max-image-preview:large","max-video-preview":"max-video-preview:-1"},"canonical":"http:\/\/www.ilfieniledellanonna.it\/www\/fr\/reservation-5-jour\/","og_locale":"it_IT","og_type":"article","og_title":"R\u00e9servation 5 jour - Il fienile della nonna","og_description":"Prix par jour Prix&nbsp;pour&nbsp;2&nbsp;jours Prix&nbsp;pour&nbsp;3&nbsp;jours Prix&nbsp;pour&nbsp;4&nbsp;jours Prix&nbsp;pour&nbsp;5&nbsp;jours Prix&nbsp;pour&nbsp;6&nbsp;jours Prix&nbsp;pour&nbsp;7&nbsp;jours Prix&nbsp;chaque&nbsp;jour&nbsp;suppl\u00e9mentaire Les prix ne comprennent pas les imp\u00f4ts locaux + 0,80 \u20ac par personne par nuitLes prix sont compr\u00e9hensifs de: lumi\u00e8re, chauffage, eau chaude et&nbsp;change hebdomadaire du linge.D\u00e9p\u00f4t de 30% sur BCCV IT 39 J 08587 31750 000060102935&nbsp; R\u00e9ductions&nbsp;:&nbsp;S\u00e9jour de 2 semaines: 10%S\u00e9jour de 3 semaines: [&hellip;]","og_url":"http:\/\/www.ilfieniledellanonna.it\/www\/fr\/reservation-5-jour\/","og_site_name":"Il fienile della nonna","article_modified_time":"2019-02-07T20:59:21+00:00","twitter_card":"summary_large_image","twitter_misc":{"Tempo di lettura stimato":"1 minuto"},"schema":{"@context":"https:\/\/schema.org","@graph":[{"@type":"WebSite","@id":"http:\/\/www.ilfieniledellanonna.it\/www\/#website","url":"http:\/\/www.ilfieniledellanonna.it\/www\/","name":"Il fienile della nonna","description":"Introd - Valle d&#039;Aosta","potentialAction":[{"@type":"SearchAction","target":{"@type":"EntryPoint","urlTemplate":"http:\/\/www.ilfieniledellanonna.it\/www\/?s={search_term_string}"},"query-input":"required name=search_term_string"}],"inLanguage":"it-IT"},{"@type":"WebPage","@id":"http:\/\/www.ilfieniledellanonna.it\/www\/fr\/reservation-5-jour\/#webpage","url":"http:\/\/www.ilfieniledellanonna.it\/www\/fr\/reservation-5-jour\/","name":"R\u00e9servation 5 jour - Il fienile della nonna","isPartOf":{"@id":"http:\/\/www.ilfieniledellanonna.it\/www\/#website"},"datePublished":"2019-02-07T20:44:06+00:00","dateModified":"2019-02-07T20:59:21+00:00","breadcrumb":{"@id":"http:\/\/www.ilfieniledellanonna.it\/www\/fr\/reservation-5-jour\/#breadcrumb"},"inLanguage":"it-IT","potentialAction":[{"@type":"ReadAction","target":["http:\/\/www.ilfieniledellanonna.it\/www\/fr\/reservation-5-jour\/"]}]},{"@type":"BreadcrumbList","@id":"http:\/\/www.ilfieniledellanonna.it\/www\/fr\/reservation-5-jour\/#breadcrumb","itemListElement":[{"@type":"ListItem","position":1,"name":"Home","item":"http:\/\/www.ilfieniledellanonna.it\/www\/"},{"@type":"ListItem","position":2,"name":"R\u00e9servation 5 jour"}]}]}},"_links":{"self":[{"href":"http:\/\/www.ilfieniledellanonna.it\/www\/wp-json\/wp\/v2\/pages\/444"}],"collection":[{"href":"http:\/\/www.ilfieniledellanonna.it\/www\/wp-json\/wp\/v2\/pages"}],"about":[{"href":"http:\/\/www.ilfieniledellanonna.it\/www\/wp-json\/wp\/v2\/types\/page"}],"author":[{"embeddable":true,"href":"http:\/\/www.ilfieniledellanonna.it\/www\/wp-json\/wp\/v2\/users\/1"}],"replies":[{"embeddable":true,"href":"http:\/\/www.ilfieniledellanonna.it\/www\/wp-json\/wp\/v2\/comments?post=444"}],"version-history":[{"count":2,"href":"http:\/\/www.ilfieniledellanonna.it\/www\/wp-json\/wp\/v2\/pages\/444\/revisions"}],"predecessor-version":[{"id":459,"href":"http:\/\/www.ilfieniledellanonna.it\/www\/wp-json\/wp\/v2\/pages\/444\/revisions\/459"}],"wp:attachment":[{"href":"http:\/\/www.ilfieniledellanonna.it\/www\/wp-json\/wp\/v2\/media?parent=444"}],"curies":[{"name":"wp","href":"https:\/\/api.w.org\/{rel}","templated":true}]}}