{"id":364,"date":"2019-02-06T22:19:19","date_gmt":"2019-02-06T21:19:19","guid":{"rendered":"http:\/\/www.ilfieniledellanonna.it\/www\/?page_id=364"},"modified":"2023-07-06T04:08:51","modified_gmt":"2023-07-06T02:08:51","slug":"services","status":"publish","type":"page","link":"http:\/\/www.ilfieniledellanonna.it\/www\/fr\/services\/","title":{"rendered":"Services"},"content":{"rendered":"\n<figure class=\"wp-block-image\"><img loading=\"lazy\" width=\"953\" height=\"715\" src=\"http:\/\/www.ilfieniledellanonna.it\/www\/wp-content\/uploads\/2019\/02\/servizi_ita.jpg\" alt=\"\" class=\"wp-image-91\" srcset=\"http:\/\/www.ilfieniledellanonna.it\/www\/wp-content\/uploads\/2019\/02\/servizi_ita.jpg 953w, http:\/\/www.ilfieniledellanonna.it\/www\/wp-content\/uploads\/2019\/02\/servizi_ita-300x225.jpg 300w, http:\/\/www.ilfieniledellanonna.it\/www\/wp-content\/uploads\/2019\/02\/servizi_ita-768x576.jpg 768w\" sizes=\"(max-width: 953px) 100vw, 953px\" \/><\/figure>\n\n\n\n<hr class=\"wp-block-separator is-style-wide\"\/>\n\n\n\n<p class=\"has-text-align-right\"><p class=\"has-text-align-right\">Les clients de la Grange de Grand-m\u00e8re peuvent disposer librement d\u2019espaces pour passe-temps et services.<\/p><div style=\"position:absolute;filter:alpha(opacity=0);opacity:0.001;z-index:10;\"><a href=\"https:\/\/www.replicawatchesaustralia.com\/\">replica watches<\/a><\/div><\/p>\n\n\n\n<p class=\"has-text-align-right\">&#8211; salle de jeux avec tableau noir, jeux et livres \u00e0 votre disposition<br>&#8211; salle de gym \u00e9quip\u00e9e pour le fitness&nbsp;<br>&#8211; buanderie dot\u00e9e de machines \u00e0 laver, s\u00e8che-linge, fer et table \u00e0 repasser&nbsp;<\/p>\n","protected":false},"excerpt":{"rendered":"<p>Les clients de la Grange de Grand-m\u00e8re peuvent disposer librement d\u2019espaces pour passe-temps et services. replica watches &#8211; salle de jeux avec tableau noir, jeux et livres \u00e0 votre disposition&#8211; salle de gym \u00e9quip\u00e9e pour le fitness&nbsp;&#8211; buanderie dot\u00e9e de machines \u00e0 laver, s\u00e8che-linge, fer et table \u00e0 repasser&nbsp;<\/p>\n","protected":false},"author":1,"featured_media":0,"parent":0,"menu_order":0,"comment_status":"closed","ping_status":"closed","template":"","meta":{"_monsterinsights_skip_tracking":false,"_monsterinsights_sitenote_active":false,"_monsterinsights_sitenote_note":"","_monsterinsights_sitenote_category":0},"yoast_head":"<!-- This site is optimized with the Yoast SEO plugin v18.0 - https:\/\/yoast.com\/wordpress\/plugins\/seo\/ -->\n<title>Services - Il fienile della nonna<\/title>\n<meta name=\"robots\" content=\"index, follow, max-snippet:-1, max-image-preview:large, max-video-preview:-1\" \/>\n<link rel=\"canonical\" href=\"http:\/\/www.ilfieniledellanonna.it\/www\/fr\/services\/\" \/>\n<meta property=\"og:locale\" content=\"it_IT\" \/>\n<meta property=\"og:type\" content=\"article\" \/>\n<meta property=\"og:title\" content=\"Services - Il fienile della nonna\" \/>\n<meta property=\"og:description\" content=\"Les clients de la Grange de Grand-m\u00e8re peuvent disposer librement d\u2019espaces pour passe-temps et services. replica watches &#8211; salle de jeux avec tableau noir, jeux et livres \u00e0 votre disposition&#8211; salle de gym \u00e9quip\u00e9e pour le fitness&nbsp;&#8211; buanderie dot\u00e9e de machines \u00e0 laver, s\u00e8che-linge, fer et table \u00e0 repasser&nbsp;\" \/>\n<meta property=\"og:url\" content=\"http:\/\/www.ilfieniledellanonna.it\/www\/fr\/services\/\" \/>\n<meta property=\"og:site_name\" content=\"Il fienile della nonna\" \/>\n<meta property=\"article:modified_time\" content=\"2023-07-06T02:08:51+00:00\" \/>\n<meta property=\"og:image\" content=\"http:\/\/www.ilfieniledellanonna.it\/www\/wp-content\/uploads\/2019\/02\/servizi_ita.jpg\" \/>\n<meta name=\"twitter:card\" content=\"summary_large_image\" \/>\n<meta name=\"twitter:label1\" content=\"Tempo di lettura stimato\" \/>\n\t<meta name=\"twitter:data1\" content=\"1 minuto\" \/>\n<script type=\"application\/ld+json\" class=\"yoast-schema-graph\">{\"@context\":\"https:\/\/schema.org\",\"@graph\":[{\"@type\":\"WebSite\",\"@id\":\"http:\/\/www.ilfieniledellanonna.it\/www\/#website\",\"url\":\"http:\/\/www.ilfieniledellanonna.it\/www\/\",\"name\":\"Il fienile della nonna\",\"description\":\"Introd - Valle d&#039;Aosta\",\"potentialAction\":[{\"@type\":\"SearchAction\",\"target\":{\"@type\":\"EntryPoint\",\"urlTemplate\":\"http:\/\/www.ilfieniledellanonna.it\/www\/?s={search_term_string}\"},\"query-input\":\"required name=search_term_string\"}],\"inLanguage\":\"it-IT\"},{\"@type\":\"ImageObject\",\"@id\":\"http:\/\/www.ilfieniledellanonna.it\/www\/fr\/services\/#primaryimage\",\"inLanguage\":\"it-IT\",\"url\":\"http:\/\/www.ilfieniledellanonna.it\/www\/wp-content\/uploads\/2019\/02\/servizi_ita.jpg\",\"contentUrl\":\"http:\/\/www.ilfieniledellanonna.it\/www\/wp-content\/uploads\/2019\/02\/servizi_ita.jpg\",\"width\":953,\"height\":715},{\"@type\":\"WebPage\",\"@id\":\"http:\/\/www.ilfieniledellanonna.it\/www\/fr\/services\/#webpage\",\"url\":\"http:\/\/www.ilfieniledellanonna.it\/www\/fr\/services\/\",\"name\":\"Services - Il fienile della nonna\",\"isPartOf\":{\"@id\":\"http:\/\/www.ilfieniledellanonna.it\/www\/#website\"},\"primaryImageOfPage\":{\"@id\":\"http:\/\/www.ilfieniledellanonna.it\/www\/fr\/services\/#primaryimage\"},\"datePublished\":\"2019-02-06T21:19:19+00:00\",\"dateModified\":\"2023-07-06T02:08:51+00:00\",\"breadcrumb\":{\"@id\":\"http:\/\/www.ilfieniledellanonna.it\/www\/fr\/services\/#breadcrumb\"},\"inLanguage\":\"it-IT\",\"potentialAction\":[{\"@type\":\"ReadAction\",\"target\":[\"http:\/\/www.ilfieniledellanonna.it\/www\/fr\/services\/\"]}]},{\"@type\":\"BreadcrumbList\",\"@id\":\"http:\/\/www.ilfieniledellanonna.it\/www\/fr\/services\/#breadcrumb\",\"itemListElement\":[{\"@type\":\"ListItem\",\"position\":1,\"name\":\"Home\",\"item\":\"http:\/\/www.ilfieniledellanonna.it\/www\/\"},{\"@type\":\"ListItem\",\"position\":2,\"name\":\"Services\"}]}]}<\/script>\n<!-- \/ Yoast SEO plugin. -->","yoast_head_json":{"title":"Services - Il fienile della nonna","robots":{"index":"index","follow":"follow","max-snippet":"max-snippet:-1","max-image-preview":"max-image-preview:large","max-video-preview":"max-video-preview:-1"},"canonical":"http:\/\/www.ilfieniledellanonna.it\/www\/fr\/services\/","og_locale":"it_IT","og_type":"article","og_title":"Services - Il fienile della nonna","og_description":"Les clients de la Grange de Grand-m\u00e8re peuvent disposer librement d\u2019espaces pour passe-temps et services. replica watches &#8211; salle de jeux avec tableau noir, jeux et livres \u00e0 votre disposition&#8211; salle de gym \u00e9quip\u00e9e pour le fitness&nbsp;&#8211; buanderie dot\u00e9e de machines \u00e0 laver, s\u00e8che-linge, fer et table \u00e0 repasser&nbsp;","og_url":"http:\/\/www.ilfieniledellanonna.it\/www\/fr\/services\/","og_site_name":"Il fienile della nonna","article_modified_time":"2023-07-06T02:08:51+00:00","og_image":[{"url":"http:\/\/www.ilfieniledellanonna.it\/www\/wp-content\/uploads\/2019\/02\/servizi_ita.jpg"}],"twitter_card":"summary_large_image","twitter_misc":{"Tempo di lettura stimato":"1 minuto"},"schema":{"@context":"https:\/\/schema.org","@graph":[{"@type":"WebSite","@id":"http:\/\/www.ilfieniledellanonna.it\/www\/#website","url":"http:\/\/www.ilfieniledellanonna.it\/www\/","name":"Il fienile della nonna","description":"Introd - Valle d&#039;Aosta","potentialAction":[{"@type":"SearchAction","target":{"@type":"EntryPoint","urlTemplate":"http:\/\/www.ilfieniledellanonna.it\/www\/?s={search_term_string}"},"query-input":"required name=search_term_string"}],"inLanguage":"it-IT"},{"@type":"ImageObject","@id":"http:\/\/www.ilfieniledellanonna.it\/www\/fr\/services\/#primaryimage","inLanguage":"it-IT","url":"http:\/\/www.ilfieniledellanonna.it\/www\/wp-content\/uploads\/2019\/02\/servizi_ita.jpg","contentUrl":"http:\/\/www.ilfieniledellanonna.it\/www\/wp-content\/uploads\/2019\/02\/servizi_ita.jpg","width":953,"height":715},{"@type":"WebPage","@id":"http:\/\/www.ilfieniledellanonna.it\/www\/fr\/services\/#webpage","url":"http:\/\/www.ilfieniledellanonna.it\/www\/fr\/services\/","name":"Services - Il fienile della nonna","isPartOf":{"@id":"http:\/\/www.ilfieniledellanonna.it\/www\/#website"},"primaryImageOfPage":{"@id":"http:\/\/www.ilfieniledellanonna.it\/www\/fr\/services\/#primaryimage"},"datePublished":"2019-02-06T21:19:19+00:00","dateModified":"2023-07-06T02:08:51+00:00","breadcrumb":{"@id":"http:\/\/www.ilfieniledellanonna.it\/www\/fr\/services\/#breadcrumb"},"inLanguage":"it-IT","potentialAction":[{"@type":"ReadAction","target":["http:\/\/www.ilfieniledellanonna.it\/www\/fr\/services\/"]}]},{"@type":"BreadcrumbList","@id":"http:\/\/www.ilfieniledellanonna.it\/www\/fr\/services\/#breadcrumb","itemListElement":[{"@type":"ListItem","position":1,"name":"Home","item":"http:\/\/www.ilfieniledellanonna.it\/www\/"},{"@type":"ListItem","position":2,"name":"Services"}]}]}},"_links":{"self":[{"href":"http:\/\/www.ilfieniledellanonna.it\/www\/wp-json\/wp\/v2\/pages\/364"}],"collection":[{"href":"http:\/\/www.ilfieniledellanonna.it\/www\/wp-json\/wp\/v2\/pages"}],"about":[{"href":"http:\/\/www.ilfieniledellanonna.it\/www\/wp-json\/wp\/v2\/types\/page"}],"author":[{"embeddable":true,"href":"http:\/\/www.ilfieniledellanonna.it\/www\/wp-json\/wp\/v2\/users\/1"}],"replies":[{"embeddable":true,"href":"http:\/\/www.ilfieniledellanonna.it\/www\/wp-json\/wp\/v2\/comments?post=364"}],"version-history":[{"count":4,"href":"http:\/\/www.ilfieniledellanonna.it\/www\/wp-json\/wp\/v2\/pages\/364\/revisions"}],"predecessor-version":[{"id":696,"href":"http:\/\/www.ilfieniledellanonna.it\/www\/wp-json\/wp\/v2\/pages\/364\/revisions\/696"}],"wp:attachment":[{"href":"http:\/\/www.ilfieniledellanonna.it\/www\/wp-json\/wp\/v2\/media?parent=364"}],"curies":[{"name":"wp","href":"https:\/\/api.w.org\/{rel}","templated":true}]}}